 y(-13). Suppose 67 = j*o - 260. What are the prime factors of o?
109
Let u = 1548 - 661. What are the prime factors of u?
887
Suppose 5*u - 32 = u - 4*c, -u = 5*c - 28. Suppose -4*d + 4*g + 161 + 235 = 0, -u*g = -d + 105. What are the prime factors of d?
2, 3
Suppose -4*l - 2*g = -1582, -l + 0*l - 5*g + 400 = 0. Suppose 3*v = l - 17. List the prime factors of (3/(-9))/((-2)/v).
3, 7
Suppose -d - 5*b = -0*d - 247, 950 = 4*d + b. What are the prime factors of d?
3, 79
Let n be 75/(-25)*(-8)/6. Suppose 0 = 4*t + t + 2*l - 595, -3*t = n*l - 357. List the prime factors of t.
7, 17
Let t = -1 - -6. Let y be 1/1 + -9 + 14. Suppose 36 = 3*g - 3*r, 0*g + g = -t*r - y. What are the prime factors of g?
3
Let n(s) = 12 - 17 + 5 - 11*s. Let h be n(-2). Suppose h = -4*v + 6*v. List the prime factors of v.
11
Suppose -6*p - 72 = -3*p. Suppose 0 = -2*c + 56 + 14. Let r = c + p. List the prime factors of r.
11
Suppose -3*p = -t - 9, -4*t + 47 = 3*p + 8. Let k(x) = 9*x - 6. Let r be k(4). Suppose -h - r = -t*h. List the prime factors of h.
2, 3
Let u(r) = 3*r**3 + 9*r**2 + 3*r + 11. Let f(m) = 5*m**3 + 17*m**2 + 6*m + 21. Let b(q) = 4*f(q) - 7*u(q). What are the prime factors of b(5)?
2, 11
List the prime factors of (-1*3)/(9/(-531)).
3, 59
Let b(g) = g**2 - 9. Let q be b(4). Suppose -24 = q*o - 9*o. List the prime factors of o.
2, 3
Let h = 205 - 69. Let n(g) = 2*g + 2. Let x be n(-2). List the prime factors of (x + -1)*h/(-12).
2, 17
Let u = -13 + 7. List the prime factors of 2/u - 120/(-9).
13
Suppose -17*a = -7*a - 40. Suppose -b = -2, 440 = a*u + 2*b - 0*b. What are the prime factors of u?
109
Let i(h) = h**2 - 2*h + 2. Let b = 4 - 0. Suppose b*k + 1 + 24 = -5*w, -2*w = 4*k + 10. What are the prime factors of i(w)?
37
Let s(d) = 257*d - 629. What are the prime factors of s(5)?
2, 41
Let f(u) = -2*u - 1. Suppose -13 = 5*l - 3. Let r be f(l). Suppose r*a - 4*a + 23 = 0. List the prime factors of a.
23
Suppose r - 1 = 73. Suppose 2*y + 4*u = -y + 222, y - r = -2*u. What are the prime factors of y?
2, 37
Let n = -24 + 34. Let d = n + -8. Suppose -2*k - 2 = d, 4*w - 5*k = 170. What are the prime factors of w?
2, 5
Let b = -625 - -724. List the prime factors of b.
3, 11
List the prime factors of ((-10)/(-4))/(12/1272).
5, 53
Let z(r) = 4*r + 6. Let j(v) = 4*v + 5. Let q(g) = -5*j(g) + 4*z(g). Suppose 0 = -3*y - 3. List the prime factors of q(y).
3
Let q = 12 + -24. Let x = q + 35. List the prime factors of x.
23
Let q = 454 + -130. What are the prime factors of q?
2, 3
Suppose 24*v - 14*v - 20 = 0. List the prime factors of (-6)/4 + (503/v - 3).
13, 19
Let k(y) be the second derivative of y**6/180 + y**5/30 - y**4/6 - 2*y**3/3 - 4*y. Let x(r) be the second derivative of k(r). List the prime factors of x(-3).
2
Let v = -8 + 40. Let x = 63 - v. What are the prime factors of x?
31
Let t be (-4359)/(-12) + (-1)/4. Suppose -6*z + t = -3*z. List the prime factors of z.
11
Let s(i) = 656*i - 321. List the prime factors of s(5).
11, 269
List the prime factors of 1/1*(-45864)/(-78).
2, 3, 7
Suppose 24*h - 8602 = 6590. What are the prime factors of h?
3, 211
List the prime factors of (-2)/(-1) + 498 + (-51)/(-17).
503
Let s(l) = 6*l**2 - 3*l - 4. Let a be (-2)/11 + 26/22. Let x be ((-4)/8*4)/a. What are the prime factors of s(x)?
2, 13
Let r(q) = -q**3 + 10*q**2 - 2*q - 11. Suppose w + 5*u = 6*w - 55, 4*w = -2*u + 32. List the prime factors of r(w).
2, 13
Suppose 568 = -7*z + 7477. List the prime factors of z.
3, 7, 47
Suppose 1808 = -138*u + 139*u. What are the prime factors of u?
2, 113
Let r(o) = 3*o**2 + 9*o - 16. Let p be r(-16). Suppose p = 5*l + 3*l. What are the prime factors of l?
2, 19
Let v(x) = x**2 + 8*x - 1. Let p be v(-9). Let s(r) = 10*r. Let t be s(p). Suppose w = -4*d + 84, -6*w = 4*d - 4*w - t. What are the prime factors of d?
2, 11
Let q(z) = -5*z + 8. Let v be q(2). List the prime factors of (-14)/(v/8 + (-40)/96).
3, 7
Let b = 69 + 488. List the prime factors of b.
557
Suppose 0 = 12*l - 11*l - 215. What are the prime factors of l?
5, 43
Suppose -2 = 3*r - r - 4*k, 0 = r + 4*k - 17. Suppose -r*z + 121 = 31. What are the prime factors of z?
2, 3
Suppose -3*m - 3*a = 27, 24 = -5*m - 3*a - 25. Let l = m + 13. Suppose 8 = 2*i, -j - l*i = 2*j - 164. What are the prime factors of j?
2, 13
Let z(o) = o**3 - 2*o**3 - 4*o + 12*o - 10*o**2 + 4*o + 13. What are the prime factors of z(-11)?
2
Suppose 0 = -361*x + 352*x + 9054. What are the prime factors of x?
2, 503
Let l(u) be the third derivative of -u**6/120 - 3*u**5/10 + 7*u**4/6 - u**3/2 - 4*u**2. List the prime factors of l(-20).
3, 79
Let l be 21/(-14) + (-9)/(-2). Let z = 51 - l. List the prime factors of z.
2, 3
Let c = -192 - -1857. What are the prime factors of c?
3, 5, 37
Let d(i) = i - 15. Let z be d(16). Let a(j) be the first derivative of 70*j**3/3 - j - 9. What are the prime factors of a(z)?
3, 23
Suppose 2*w + 15 = 3*j, j + 0*w = -w. Suppose j*k = 7*k - 16. Suppose 32 = v + 2*l, 2*v - k*v + 67 = 5*l. What are the prime factors of v?
2, 13
Suppose 2*k - 228 = 222. What are the prime factors of k?
3, 5
Let f = 102 - 37. What are the prime factors of f?
5, 13
Let x(a) = a**2 - 15*a + 16. Let r be x(14). Suppose -4*v = -8, v = -r*p - 2*v + 96. List the prime factors of p.
3, 5
Let q be (2/(-4))/((-5)/20). Suppose q*n = 4 + 2. Let b = 14 - n. What are the prime factors of b?
11
Let v = 1294 - -200. What are the prime factors of v?
2, 3, 83
Let a(k) = 175*k. Let u be a(1). Suppose -p + u = -5*b, -2*p + 4*b + 161 = -171. List the prime factors of p.
2, 5
List the prime factors of -9 + (2287 - (-8)/(-2)).
2, 3, 379
Suppose 5*z + 40 = -5. List the prime factors of 7*(-24)/z*3.
2, 7
Let b be (-16)/(-6)*18/(-8). Let t be 28/b*(6 + -3). Let j = 7 - t. What are the prime factors of j?
3, 7
Let x(a) = -11*a - 44. Suppose -5*j - 45 = -10. What are the prime factors of x(j)?
3, 11
Let m = 0 - -3. Suppose -4*c = m*f - 174, -f = 4*f + 3*c - 279. Suppose 2*a = -4*s + f, -a - a + 4*s = -46. List the prime factors of a.
5
Let o(a) = -2 - 6 + 3 + 4*a - 2. Let m be o(-5). Let x = 51 + m. List the prime factors of x.
2, 3
Let v = -196 - -460. What are the prime factors of v?
2, 3, 11
Suppose 212*v - 211*v - 477 = 0. What are the prime factors of v?
3, 53
Let r(v) = v**2 + 47*v - 489. List the prime factors of r(28).
3, 179
Suppose -26*j = -20*j - 2136. List the prime factors of j.
2, 89
What are the prime factors of ((-2675)/(-4))/(51/204)?
5, 107
Let t = -189 - -606. What are the prime factors of t?
3, 139
Let j = 56 - -18. Suppose -j*v - 88 = -75*v. What are the prime factors of v?
2, 11
Let s(j) = -3 + 12 - 8 + 2*j - 4. Let u be s(3). Suppose 0 = 2*r - 3*l - 26 - 11, -119 = -4*r - u*l. What are the prime factors of r?
2, 13
List the prime factors of 4111/7 + 36/(-126).
587
Suppose -2*j = 2, 13*j - 15*j = -o + 814. What are the prime factors of o?
2, 7, 29
Let p be 224/42 + (-2)/(-3). Suppose -565 + 145 = -p*n. List the prime factors of n.
2, 5, 7
Let y(x) = 7*x + 10. Let d be y(7). Suppose d = q + 3*c, -2*q + 0*q + 110 = 2*c. Suppose 4*g - q = 15. What are the prime factors of g?
17
Let r = 181 - -379. What are the prime factors of r?
2, 5, 7
Suppose k = -o + 569, -4*o - 2*k = 3*k - 2275. List the prime factors of o.
2, 3, 5, 19
Let c = 2381 + 848. List the prime factors of c.
3229
Suppose 5*m = -x - 12, -2*x = 2*x + m + 29. Let r(w) = -3*w - 17 + 3*w**2 + 7 + w**3 + 4*w**2. List the prime factors of r(x).
11
Let h be (2 + -1 - 3) + -7. List the prime factors of h/((-18)/104) + -4.
2, 3
Let i(z) = -z**3 + 8*z**2 - 3*z + 9. Suppose 0 = -c - 0 + 4. Let y be i(c). Suppose j = -7 + y. List the prime factors of j.
2, 3
Suppose 2*m = 3*o + 208, -o + 338 = 3*m + o. Let j = -69 + m. What are the prime factors of j?
41
Let g(u) = u**2 - 12 + 9 + 3 + 7*u + 11. Let q be g(-6). Suppose -2*h = -2*p - 88, 3*p + 250 = q*h + 8*p. List the prime factors of h.
47
Let n(f) = 14*f - 28. Let z be 7 - (-3 + 3)/4. List the prime factors of n(z).
2, 5, 7
Let g(w) = -4*w**3 - 10*w**2 - 9*w + 28. What are the prime factors of g(-6)?
2, 293
Let r = 11 + -7. Suppose k + 11 = 3*q, -r*k = -2*q - k - 2. Suppose -5*v + 0*z = -3*z - 269, 0 = -v + q*z + 45. What are the prime factors of v?
5, 11
Let p(i) = 2*i - 25. Let m(z) = z. Let f(h) = 3*